{"id":1277,"date":"2020-09-01T16:27:28","date_gmt":"2020-09-01T19:27:28","guid":{"rendered":"https:\/\/ifdmercedes-crr.infd.edu.ar\/sitio\/?page_id=1277"},"modified":"2020-09-02T23:52:49","modified_gmt":"2020-09-03T02:52:49","slug":"perfiles-profesionales","status":"publish","type":"page","link":"https:\/\/ifdmercedes-crr.infd.edu.ar\/sitio\/perfiles-profesionales\/","title":{"rendered":"PERFILES PROFESIONALES"},"content":{"rendered":"<form action=\"http:\/\/sima-mercedes.dyndns.org\/interinatoysuplencia\" method=\"get\"><button type=\"submit\">INSCRIBIRME<\/button><\/form>\n<h2><strong>CARRERAS DOCENTES<\/strong><\/h2>\n<ul>\n<li>PROFESORADO DE EDUCACI\u00d3N INICIAL<\/li>\n<li>PROFESORADO DE EDUCACI\u00d3N PRIMARIA<\/li>\n<li>PROFESORADO DE EDUCACI\u00d3N SECUNDARIA EN MATEM\u00c1TICA<\/li>\n<li>PROFESORADO DE EDUCACI\u00d3N SECUNDARIA EN LENGUA Y LITERATURA<\/li>\n<li>PROFESORADO DE EDUCACI\u00d3N SUPERIOR EN CIENCIAS DE LA EDUCACI\u00d3N<\/li>\n<\/ul>\n<div style=\"height: 700px;\"><embed id=\"plugin\" style=\"height: 50rem;\" src=\"https:\/\/ifdmercedes-crr.infd.edu.ar\/sitio\/wp-content\/uploads\/2020\/09\/Doc-Orientador-Perfiles-Docentes.pdf\" type=\"application\/pdf\" width=\"900px\" height=\"150\"><\/embed><\/div>\n<p>&nbsp;<\/p>\n<p>&nbsp;<\/p>\n<p>&nbsp;<\/p>\n<h2>CARRERAS T\u00c9CNICAS<\/h2>\n<p>TECNICATURA SUPERIOR EN ADMINISTRACI\u00d3N PUBLICA ORIENTADA AL DESARROLLO LOCAL<\/p>\n<div style=\"height: 700px;\"><embed id=\"plugin\" style=\"height: 50rem;\" src=\"https:\/\/ifdmercedes-crr.infd.edu.ar\/sitio\/wp-content\/uploads\/2020\/09\/Perfil-Administracion.pdf\" width=\"900px\" height=\"150\"><\/embed><\/div>\n<p>&nbsp;<\/p>\n<p>&nbsp;<\/p>\n<p>&nbsp;<\/p>\n<p>TECNICATURA SUPERIOR EN AGENTE SANITARIO Y PROMOTOR DE LA SALUD<\/p>\n<div style=\"height: 700px;\"><embed id=\"plugin\" style=\"height: 50rem;\" src=\"https:\/\/ifdmercedes-crr.infd.edu.ar\/sitio\/wp-content\/uploads\/2020\/09\/Agente.pdf\" width=\"900px\" height=\"150\"><\/embed><\/div>\n<p>&nbsp;<\/p>\n<p>&nbsp;<\/p>\n<p>&nbsp;<\/p>\n<p>TECNICATURA SUPERIOR EN GESTI\u00d3N DE LA PRODUCCI\u00d3N AGROPECUARIA<\/p>\n<div style=\"height: 700px;\"><embed id=\"plugin\" style=\"height: 50rem;\" src=\"https:\/\/ifdmercedes-crr.infd.edu.ar\/sitio\/wp-content\/uploads\/2020\/09\/Agropecuario.pdf\" width=\"900px\" height=\"150\"><\/embed><\/div>\n<p>&nbsp;<\/p>\n<p>&nbsp;<\/p>\n<p>&nbsp;<\/p>\n<p>TECNICATURA SUPERIOR EN DESARROLLO DE SOFTWARE<\/p>\n<div style=\"height: 700px;\"><embed id=\"plugin\" style=\"height: 50rem;\" src=\"https:\/\/ifdmercedes-crr.infd.edu.ar\/sitio\/wp-content\/uploads\/2020\/09\/Perfil-Software.pdf\" width=\"900px\" height=\"150\" data-mce-fragment=\"1\"><\/embed><\/div>\n<p>&nbsp;<\/p>\n<p>&nbsp;<\/p>\n<p>&nbsp;<\/p>\n<p>TECNICATURA SUPERIOR EN ENFERMER\u00cdA<\/p>\n<div style=\"height: 700px;\"><embed id=\"plugin\" style=\"height: 50rem;\" src=\"https:\/\/ifdmercedes-crr.infd.edu.ar\/sitio\/wp-content\/uploads\/2020\/09\/Enfermeria.pdf\" width=\"900px\" height=\"150\" data-mce-fragment=\"1\"><\/embed><\/div>\n<p>&nbsp;<\/p>\n<p>&nbsp;<\/p>\n<p>&nbsp;<\/p>\n<p>TECNICATURA SUPERIOR EN PEDAGOG\u00cdA Y EDUCACI\u00d3N SOCIAL<\/p>\n<div style=\"height: 700px;\"><embed id=\"plugin\" style=\"height: 50rem;\" src=\"https:\/\/ifdmercedes-crr.infd.edu.ar\/sitio\/wp-content\/uploads\/2020\/09\/Perfil-Pedagog\u00eda.pdf\" width=\"900px\" height=\"150\" data-mce-fragment=\"1\"><\/embed><\/div>\n<p>&nbsp;<\/p>\n<p>&nbsp;<\/p>\n<p>&nbsp;<\/p>\n<p>TECNICATURA SUPERIOR EN ECONOM\u00cdA SOCIAL<\/p>\n<div style=\"height: 700px;\"><embed id=\"plugin\" style=\"height: 50rem;\" src=\"https:\/\/ifdmercedes-crr.infd.edu.ar\/sitio\/wp-content\/uploads\/2020\/09\/PERFILES-EC.-SOCIAL.pdf\" width=\"900px\" height=\"150\" data-mce-fragment=\"1\"><\/embed><\/div>\n<p>&nbsp;<\/p>\n<p>&nbsp;<\/p>\n<p>&nbsp;<\/p>\n<form action=\"http:\/\/sima-mercedes.dyndns.org\/interinatoysuplencia\" method=\"get\"><button type=\"submit\">INSCRIBIRME<\/button><\/form>\n","protected":false},"excerpt":{"rendered":"<p>INSCRIBIRME CARRERAS DOCENTES PROFESORADO DE EDUCACI\u00d3N INICIAL PROFESORADO DE EDUCACI\u00d3N PRIMARIA PROFESORADO DE EDUCACI\u00d3N SECUNDARIA EN MATEM\u00c1TICA PROFESORADO DE EDUCACI\u00d3N SECUNDARIA EN LENGUA Y LITERATURA PROFESORADO DE EDUCACI\u00d3N SUPERIOR EN CIENCIAS DE LA EDUCACI\u00d3N &nbsp; &nbsp; &nbsp; CARRERAS T\u00c9CNICAS TECNICATURA SUPERIOR EN ADMINISTRACI\u00d3N PUBLICA ORIENTADA AL DESARROLLO LOCAL &nbsp; &nbsp; &nbsp; TECNICATURA SUPERIOR EN AGENTE &#8230; <a title=\"PERFILES PROFESIONALES\" class=\"read-more\" href=\"https:\/\/ifdmercedes-crr.infd.edu.ar\/sitio\/perfiles-profesionales\/\" aria-label=\"More on PERFILES PROFESIONALES\">[+]<\/a><\/p>\n","protected":false},"author":211,"featured_media":0,"parent":0,"menu_order":0,"comment_status":"closed","ping_status":"closed","template":"","meta":[],"acf":[],"_links":{"self":[{"href":"https:\/\/ifdmercedes-crr.infd.edu.ar\/sitio\/wp-json\/wp\/v2\/pages\/1277"}],"collection":[{"href":"https:\/\/ifdmercedes-crr.infd.edu.ar\/sitio\/wp-json\/wp\/v2\/pages"}],"about":[{"href":"https:\/\/ifdmercedes-crr.infd.edu.ar\/sitio\/wp-json\/wp\/v2\/types\/page"}],"author":[{"embeddable":true,"href":"https:\/\/ifdmercedes-crr.infd.edu.ar\/sitio\/wp-json\/wp\/v2\/users\/211"}],"replies":[{"embeddable":true,"href":"https:\/\/ifdmercedes-crr.infd.edu.ar\/sitio\/wp-json\/wp\/v2\/comments?post=1277"}],"version-history":[{"count":20,"href":"https:\/\/ifdmercedes-crr.infd.edu.ar\/sitio\/wp-json\/wp\/v2\/pages\/1277\/revisions"}],"predecessor-version":[{"id":1311,"href":"https:\/\/ifdmercedes-crr.infd.edu.ar\/sitio\/wp-json\/wp\/v2\/pages\/1277\/revisions\/1311"}],"wp:attachment":[{"href":"https:\/\/ifdmercedes-crr.infd.edu.ar\/sitio\/wp-json\/wp\/v2\/media?parent=1277"}],"curies":[{"name":"wp","href":"https:\/\/api.w.org\/{rel}","templated":true}]}}