{"id":728,"date":"2018-08-30T12:54:48","date_gmt":"2018-08-30T15:54:48","guid":{"rendered":"https:\/\/ifdmercedes-crr.infd.edu.ar\/sitio\/capacitacion\/"},"modified":"2019-04-25T15:08:20","modified_gmt":"2019-04-25T18:08:20","slug":"alimentos","status":"publish","type":"page","link":"https:\/\/ifdmercedes-crr.infd.edu.ar\/sitio\/alimentos\/","title":{"rendered":"Tecnicatura Superior en Tecnolog\u00eda de los Alimentos"},"content":{"rendered":"<p><strong><span style=\"color: #cc6600; font-family: Arial; font-size: medium;\">El contenido de esta p\u00e1gina es s\u00f3lo un ejemplo<\/span><\/strong><span style=\"font-size: small;\"><span style=\"font-family: Verdana;\">El Instituto&#8230;\u00a0dise\u00f1a y desarrolla acciones formativas destinadas a\u00a0docentes, gratuitas, acordes a los requerimientos de la transformaci\u00f3n curricular e institucional.<\/span><\/span><\/p>\n<p><span style=\"font-family: Verdana; font-size: small;\"><strong>Acciones formativas previstas para 2008:<\/strong><\/span><\/p>\n<ul>\n<li><span style=\"font-family: Verdana;\"><span style=\"font-size: small;\"><strong>La alfabetizaci\u00f3n en el Nivel Inicial.<\/strong> Prof. Alicia L\u00f3pez y Liliana P\u00e9rez<\/span><\/span><\/li>\n<li>\n<p align=\"justify\"><span style=\"font-family: Verdana;\"><span style=\"font-size: small;\"><strong>Actualizaci\u00f3n disciplinar y did\u00e1ctica en el \u00e1rea de Matem\u00e1tica para el Nivel Inicial<\/strong>. Prof. In\u00e9s Rodr\u00edguez\u00a0<\/span><\/span><\/p>\n<\/li>\n<\/ul>\n<p>&nbsp;<\/p>\n<p>&nbsp;<\/p>\n","protected":false},"excerpt":{"rendered":"<p>El contenido de esta p\u00e1gina es s\u00f3lo un ejemploEl Instituto&#8230;\u00a0dise\u00f1a y desarrolla acciones formativas destinadas a\u00a0docentes, gratuitas, acordes a los requerimientos de la transformaci\u00f3n curricular e institucional. Acciones formativas previstas para 2008: La alfabetizaci\u00f3n en el Nivel Inicial. Prof. Alicia L\u00f3pez y Liliana P\u00e9rez Actualizaci\u00f3n disciplinar y did\u00e1ctica en el \u00e1rea de Matem\u00e1tica para el &#8230; <a title=\"Tecnicatura Superior en Tecnolog\u00eda de los Alimentos\" class=\"read-more\" href=\"https:\/\/ifdmercedes-crr.infd.edu.ar\/sitio\/alimentos\/\" aria-label=\"More on Tecnicatura Superior en Tecnolog\u00eda de los Alimentos\">[+]<\/a><\/p>\n","protected":false},"author":69,"featured_media":0,"parent":0,"menu_order":0,"comment_status":"closed","ping_status":"closed","template":"","meta":[],"acf":[],"_links":{"self":[{"href":"https:\/\/ifdmercedes-crr.infd.edu.ar\/sitio\/wp-json\/wp\/v2\/pages\/728"}],"collection":[{"href":"https:\/\/ifdmercedes-crr.infd.edu.ar\/sitio\/wp-json\/wp\/v2\/pages"}],"about":[{"href":"https:\/\/ifdmercedes-crr.infd.edu.ar\/sitio\/wp-json\/wp\/v2\/types\/page"}],"author":[{"embeddable":true,"href":"https:\/\/ifdmercedes-crr.infd.edu.ar\/sitio\/wp-json\/wp\/v2\/users\/69"}],"replies":[{"embeddable":true,"href":"https:\/\/ifdmercedes-crr.infd.edu.ar\/sitio\/wp-json\/wp\/v2\/comments?post=728"}],"version-history":[{"count":2,"href":"https:\/\/ifdmercedes-crr.infd.edu.ar\/sitio\/wp-json\/wp\/v2\/pages\/728\/revisions"}],"predecessor-version":[{"id":921,"href":"https:\/\/ifdmercedes-crr.infd.edu.ar\/sitio\/wp-json\/wp\/v2\/pages\/728\/revisions\/921"}],"wp:attachment":[{"href":"https:\/\/ifdmercedes-crr.infd.edu.ar\/sitio\/wp-json\/wp\/v2\/media?parent=728"}],"curies":[{"name":"wp","href":"https:\/\/api.w.org\/{rel}","templated":true}]}}